base 12.
-127756
Convert -1c4360 (base 14) to base 11.
-6301a4
Convert -20440110 (base 5) to base 12.
-83154
Convert -10030224110 (base 5) to base 4.
-212023113132
Convert 22022222102 (base 3) to base 6.
3303145
What is -4382c (base 15) in base 2?
-110100010111000011
-233130102 (base 4) to base 13
-6a5ab
74103a (base 11) to base 7
13043334
What is 1022220121011 (base 3) in base 8?
2544425
-40b40 (base 12) to base 6
-1451320
What is -44683 (base 12) in base 8?
-261303
Convert -3127142 (base 8) to base 11.
-518442
Convert 3308200 (base 13) to base 15.
1585c9a
Convert 2120220022011 (base 3) to base 15.
1c29cd
What is -111000100000111000011 (base 2) in base 16?
-1c41c3
a0872 (base 11) to base 14
3ba49
Convert -14541345 (base 6) to base 11.
-3199a5
What is 263887 (base 14) in base 6?
44112515
-141130440 (base 5) to base 8
-2605636
-111222312 (base 4) to base 5
-10320013
Convert -222020022011 (base 3) to base 6.
-15022304
What is 53433 (base 6) in base 2?
1110001111101
96b0aa (base 13) to base 14
681170
Convert -10141524 (base 6) to base 9.
-486307
Convert 384b0d (base 15) to base 8.
12227551
2789b7 (base 12) to base 7
5410405
What is 113031322 (base 4) in base 8?
271572
1b8443 (base 15) to base 9
2467820
Convert 43144042 (base 7) to base 4.
32001030310
What is 944649 (base 13) in base 8?
15161020
Convert -101001110101 (base 2) to base 7.
-10543
Convert 1004340 (base 5) to base 12.
9478
22122000121212 (base 3) to base 2
10001011111110001100010
What is 59c4a9 (base 13) in base 12?
8729b1
What is 263b3 (base 15) in base 8?
356747
-578327 (base 10) to base 16
-8d317
What is 11101011001000111010 (base 2) in base 11?
5a8683
What is -a94a84 (base 13) in base 3?
-21111020022100
43a6b7 (base 12) to base 15
163b64
What is 101223130 (base 4) in base 11?
4a44a
Convert 112012131 (base 4) to base 5.
10344100
17e6d (base 15) to base 3
10221022111
What is -914b6 (base 15) in base 9?
-771080
Convert 262465 (base 7) to base 6.
1014341
584b0 (base 15) to base 14
74690
Convert -1066180 (base 11) to base 4.
-13013331102
Convert -1000101011010110011001001 (base 2) to base 10.
-18197705
Convert -431796 (base 10) to base 4.
-1221122310
-200312103 (base 4) to base 12
-65a43
-200012222202 (base 3) to base 5
-42434121
-1b4b288 (base 12) to base 2
-10110001110001111001000
220221200011 (base 3) to base 16
77e63
Convert -641106 (base 7) to base 6.
-2213100
Convert 6158384 (base 10) to base 7.
103226321
What is 10001100100100001 (base 2) in base 3?
10122201112
Convert -262486 (base 10) to base 3.
-111100001201
Convert -15707 (base 11) to base 12.
-1099a
Convert -1111111010111100000 (base 2) to base 3.
-222111122002
201020002121220 (base 3) to base 5
10103424031
Convert -7b0d16 (base 16) to base 12.
-284a9b2
Convert 23450532 (base 6) to base 10.
737624
Convert 111220200102 (base 3) to base 15.
56232
10100010111100100010010 (base 2) to base 11
301763a
-5031165 (base 8) to base 7
-14152000
What is -963257 (base 11) in base 6?
-53013014
-1041996 (base 10) to base 12
-423010
What is 864613 (base 13) in base 10?
3151528
What is -152925 (base 13) in base 9?
-872326
What is -1023200 (base 7) in base 12?
-5b622
Convert -100111001111111001 (base 2) to base 13.
-58233
624e4 (base 15) to base 10
311614
What is 32a310 (base 14) in base 11?
a74023
Convert 31412320 (base 5) to base 6.
5351420
Convert 58d10 (base 14) to base 13.
77781
1313333 (base 5) to base 11
18671
What is -259998 (base 13) in base 2?
-11011101011000111010
201020011120110 (base 3) to base 15
d6cbe0
-321303201031 (base 4) to base 12
-50a9291
2bcbb (base 14) to base 4
122233131
What is -13572080 (base 10) in base 15?
-12d1555
Convert 1027427 (base 8) to base 3.
111221010112
-44e2 (base 16) to base 8
-42342
Convert -66736 (base 8) to base 9.
-42521
Convert 683126 (base 10) to base 14.
13ad4a
What is -11030201311 (base 4) in base 13?
-388c51
What is 24cc36 (base 13) in base 4?
3120020103
Convert 163236 (base 7) to base 16.
7e6f
-521302025 (base 6) to base 2
-100010011100001100100001
What is -569a0 (base 11) in base 7?
-462130
Convert -77408 (base 10) to base 11.
-53181
Convert 141516043 (base 7) to base 8.
43257773
What is -104201122 (base 5) in base 4?
-1300030101
26c879 (base 16) to base 3
11210010112122
What is 73bb8 (base 14) in base 16?
443a6
Convert -1772063 (base 10) to base 4.
-12300220133
4312032 (base 6) to base 10
211700
What is -1619532 (base 10) in base 16?
-18b64c
What is 435401 (base 9) in base 7?
2131402
What is 298a3 (base 11) in base 7?
234306
Convert d3e58 (base 15) to base 5.
132441413
11c8cb (base 14) to base 9
1131014
661121 (base 8) to base 7
1612403
Convert -525767 (base 16) to base 15.
-718da2
30226163 (base 8) to base 5
3112241441
Convert -2021331212 (base 5) to base 6.
-223353045
-70a944 (base 11) to base 5
-243014204
Convert -10110010110000011 (base 2) to base 7.
-530555
What is 2042223004 (base 5) in base 16?
40f857
Convert -1100101111000001 (base 2) to base 12.
-26229
What is -10526 (base 8) in base 7?
-15640
Convert -3a581 (base 15) to base 2.
-101101100111110111
Convert -131086 (base 10) to base 3.
-20122211001
a0451 (base 11) to base 16
23e06
-25245051 (base 7) to base 4
-20230231230
Convert 40091 (base 12) to base 9.
135831
What is -11110101000011110100 (base 2) in base 12?
-404a70
Convert 385404 (base 10) to base 16.
5e17c
136a84 (base 11) to base 16
344f6
401130100 (base 5) to base 6
53533222
What is -cb5457 (base 14) in base 9?
-13862656
What is 8175b (base 15) in base 13?
114833
What is -1000100010000101110111 (base 2) in base 3?
-11012122022010
-101012022001200 (base 3) to base 6
-312050330
-1000101001011101001100101 (base 2) to base 10
-18135653
-1110011101010000 (base 2) to base 10
-59216
What is -692c8 (base 14) in base 9?
-428747
Convert -421b58 (base 13) to base 12.
-626b07
-3133133220 (base 4) to base 12
-381920
1c788 (base 16) to base 14
306da
What is 37214276 (base 8) in base 4?
133101202332
Convert 2244424223 (base 5) to base 6.
300451433
28473 (base 16) to base 8
502163
What is 10211010200 (base 3) in base 5?
4401221
1633140 (base 7) to base 10
226800
Convert -4604117 (base 9) to base 16.
-25e37f
Convert 1010001101010101 (base 2) to base 9.
63318
-7a0a30 (base 11) to base 2
-100110111010010000010
What is 457030 (base 8) in base 16?
25e18
What is -11101111111110100 (base 2) in base 7?
-1021134
Convert -3174 (base 13) to base 5.
-204410
What is 61544 (base 10) in base 11?
4226a
What is -22543 (base 7) in base 15?
-1a94
Convert -57749 (base 13) to base 4.
-212323010
43553214 (base 6) to base 16
13ecca
What is 1000000111010001 (base 2) in base 14?
c17b
What is -88355 (base 10) in base 2?
-10101100100100011
Convert -647af (base 16) to base 8.
-1443657
-414433031 (base 6) to base 12
-2502777
Convert 6034761 (base 8) to base 3.
2222122220121
Convert 111001000101011011000 (base 2) to base 3.
10112000220201
18ba50 (base 13) to base 9
1153265
226324 (base 8) to base 2
10010110011010100
Convert 10000110001111000 (base 2) to base 4.
100301320
-23405 (base 6) to base 12
-1b65
What is -1962a4 (base 14) in base 2?
-11011011110111011000
What is -269e0 (base 15) in base 16?
-1e357
Convert 10b3a5 (base 14) to base 8.
2126645
What is 124605 (base 10) in base 8?
363275
Convert 2309315 (base 13) to base 6.
1023115255
What is 53c741 (base 13) in base 10?
1969748
What is -133003121 (base 4) in base 11?
-87620
101101111000110111 (base 2) to base 8
557067
Convert -351665 (base 8) to base 5.
-12312413
What is 112230230211 (base 4) in base 7?
101401440
Convert 11221110011210 (base 3) to base 5.
1133023331
Convert 116885 (base 11) to base 10.
184739
What is 3254442 (base 6) in base 15?
3348e
-231315231 (base 6) to base 13
-b67313
What is 3a63562 (base 12) in base 15?
103a1cb
Convert 11121122211 (base 3) to base 7.
525643
f40e1 (base 16) to base 13
290011
1782887 (base 9) to base 3
1212202222221
138586b (base 13) to base 5
3040302402
Convert 4a38126 (base 11) to base 7.
134246334
Convert 100010110000001100110 (base 2) to base 16.
116066
-3132130 (base 5) to base 7
-305041
What is -232030333 (base 4) in base 11?
-11a203
What is 533320022 (base 6) in base 14?
136b074
Convert 3010342 (base 6) to base 8.
424126
What is -2176818 (base 9) in base 4?
-10132112201
What is 2012111101 (base 4) in base 13?
1635a0
-